+ x - 186, 0 = l + 2*x - t. What is the tens digit of l?
6
Let a be (-3)/((-18)/4) + (-80)/(-6). Let t be a/42 - 754/(-6). Suppose -4*f = -7*f + t. What is the tens digit of f?
4
Let r(q) = 13*q**3 - 21*q**2 - 84*q + 1014. What is the tens digit of r(15)?
0
Let k(s) = 2*s**3 - 49*s**2 + 48*s - 238. What is the hundreds digit of k(24)?
3
Let r = 34647 - 2155. What is the tens digit of r?
9
Suppose -47155 = -t + 2*r, -116461 - 25009 = -3*t + 7*r. What is the ten thousands digit of t?
4
Let g(s) = 18*s - 9. Let q be g(2). Suppose o + 2*d = 7*d - q, 0 = 5*d + 15. Let p = 22 - o. What is the units digit of p?
4
Let x(m) = 62*m**2 + 286*m + 39. What is the hundreds digit of x(-12)?
5
Let k = 260 - 426. Let c = 457 + k. What is the units digit of c?
1
Suppose -18060 = -3*q - 3*m, 2*m + 24056 = -82*q + 86*q. What is the tens digit of q?
1
Suppose 18 + 10 = 4*j + c, 3*j = 5*c + 21. Suppose 0 = 2*i - j*i - 1530. Let v = -206 - i. What is the hundreds digit of v?
1
Let r = 376 + -652. Let u = r + 678. What is the units digit of u?
2
Let f = 2 - 2. Let b(c) = -c**2 + c + 132. Let i be b(f). Suppose -7*a + i = -6*a. What is the units digit of a?
2
Let t = -49919 + 94881. What is the thousands digit of t?
4
Let f(z) = -z**3 + 53*z**2 - 30*z - 36. What is the ten thousands digit of f(32)?
2
Let m(q) = -q**2 + 15*q - 49. Let g(x) = 3*x**2 - 29*x + 98. Let l(r) = -2*g(r) - 5*m(r). Let z be l(-21). Let y = 102 + z. What is the units digit of y?
7
Let f(a) = -2*a**3 + 4*a**2 + 13*a - 31. Let i be f(7). Let h = i + 915. What is the hundreds digit of h?
4
Suppose 3*m - b = -16076 + 88363, 96351 = 4*m + 5*b. What is the units digit of m?
4
Suppose 99*d = 95*d - 12. Let a(t) be the second derivative of -3*t**5/20 - t**4/4 - 5*t**3/6 - t**2 - t. What is the units digit of a(d)?
7
Let s be (-26)/(-12) - (-2)/(-12). Let p be -2 - (1 + (s - 0)). What is the units digit of (-6)/(-8) + (p - (-865)/20)?
9
What is the ten thousands digit of (152/(-12))/((-9)/54)*443?
3
Let t = 150 + -143. Suppose 8*p + t*p = -2565. Let d = -6 - p. What is the units digit of d?
5
Suppose 3*p + 19 = 124. Suppose -14 = 3*f - p. Let z(b) = -b**3 + 10*b**2 - 16*b + 16. What is the tens digit of z(f)?
5
Let m = -67 - -109. What is the units digit of 6/36 + 45857/m?
2
Suppose -140815 = 89*x - 1039054 - 941213. What is the units digit of x?
8
Let t(w) = w**3 + 10*w**2 + 11*w + 5. Let m(h) = 3*h + 33. Let k(b) = -b - 1. Let g(u) = -4*k(u) - m(u). Let f be g(25). What is the units digit of t(f)?
7
Let p(y) be the second derivative of -y**4/12 - 7*y**3/3 - 3*y**2 - 2*y. Let z be p(-6). Suppose -44*v = -z*v - 312. What is the hundreds digit of v?
1
Suppose 0 = -91*g - 32*g + 1632825. What is the tens digit of g?
7
Let w = 27 + -15. Suppose 3*a + g = -3 - 0, -5*a + 4*g + w = 0. Suppose 5*s + 58 - 633 = a. What is the tens digit of s?
1
Let a = 61295 + -27880. What is the thousands digit of a?
3
Let y be (((-12)/15)/1)/((-6)/345). Let c = 43 - y. Let n(f) = -17*f + 3. What is the tens digit of n(c)?
5
Let a(p) = -p**3 + 25*p**2 + 64*p - 1. Let w be a(21). Suppose -64*k - w = -77*k. What is the tens digit of k?
3
Let p = 76 + -57. Suppose 8*u + 917 = -p. Let b = 200 + u. What is the units digit of b?
3
Suppose 3*v - r = 16133 - 174, 3*r = -v + 5333. What is the hundreds digit of v?
3
Let u = -3732 + 3736. Let c(i) = -3*i**2 - 7 + 4*i**3 - 4 + i**2 + 2*i. What is the hundreds digit of c(u)?
2
Let v(x) = 2208*x**2 + 13*x + 20. What is the thousands digit of v(5)?
5
Let q(a) = a**2 - 9*a - 3. Let l be q(-5). Let f = l + -66. Suppose 5*g + 1020 = j + 4*j, -g = -f. What is the hundreds digit of j?
2
Let d be (-4)/(-28) + (-342)/42. What is the units digit of 864/(-324)*((-594)/d)/(-1)?
8
Suppose 344 = -31*g - 55*g. Let u(p) = 4*p**2 + 3*p - 2. Let j be u(6). Let c = j - g. What is the tens digit of c?
6
Suppose 454*l - 451*l - 19702 = -y, 59146 = 3*y + 4*l. What is the thousands digit of y?
9
Suppose w - 56 = -6*w. Let i be 8/w + 1/1. What is the units digit of (-86)/(5/(-20)*(0 + i))?
2
Suppose 3*c + 15 = -21. Let x be 1/c*3 - 1/(-4). Suppose x*q + 8*q = 1736. What is the hundreds digit of q?
2
Suppose 3 = 5*s + 3. Suppose -3*q - 28 = 5*u, 5*q - 3*u + 33 - 9 = s. What is the tens digit of q*((-141)/27 + 3)*3?
4
Let h(n) = 14*n**2 + 6*n**2 - 1 - 2*n**2. Suppose -5*t - 12 - 1 = 4*o, 0 = 2*t - o. What is the units digit of h(t)?
7
Let l(v) = 85*v + 1. Suppose 0 = 7*b - 0 - 7. Let q be l(b). Let o = 4 + q. What is the units digit of o?
0
Let n = -2077 + 3112. Suppose -5*i - 342 + n = 2*f, 0 = 5*i - 3*f - 698. Suppose -276 - 99 = -3*v + 5*p, v - i = -3*p. What is the tens digit of v?
3
Let b = 7052 - 1097. What is the tens digit of -4 + b/18 - 7/(-42)?
2
Suppose v - 18 = 14. Suppose -594 = -33*d + v*d. Suppose 4*r - 82 = d. What is the tens digit of r?
6
Suppose 3*t - 3*u - 17 + 5 = 0, 14 = 5*t + u. Let w be t/(0 - 3/(-2)). Suppose 2*o = 4*j - 102, -3*j - 2 + 75 = w*o. What is the units digit of j?
5
Let k(d) = 502*d - 16. Let a be k(-2). Let o = a - -2076. What is the tens digit of o?
5
Let b be (((-33088)/(-12))/8)/(8/60). Suppose 2*n - 7*n + 5*q = -b, 0 = n + 3*q - 497. What is the hundreds digit of n?
5
Suppose -2*n + 6 + 9 = 3*v, -12 = -n - 3*v. Suppose -n*i + 628 = -0*y + 5*y, -5*i = 5*y - 1030. What is the units digit of i?
1
Let y = -25 - -27. What is the units digit of (-5542)/(-68) - ((-5)/2 + y)?
2
Suppose 2*j = 5*a + 46, 3*j = 1 + 8. What is the hundreds digit of (-1 - a) + 534 + -4?
5
Let h be (10 - 12)*-351*(-2)/(-1). Suppose 10126 = 14*a + h. What is the tens digit of a?
2
Let b be (-3)/12 - (-14)/(-8). Let v(f) = -50*f**2 + 28*f**2 + 3*f + 3 + 43*f**2. What is the units digit of v(b)?
1
What is the tens digit of 222775/67 + (-9)/(-1)?
3
Let c be -5*(3 - 90/25). Let m(i) = -7*i + 6*i + 44*i**c + 115*i**3. What is the units digit of m(1)?
8
Let z be 1*(2 - (3 + 3)). What is the tens digit of 52080/88 + z/(-22)?
9
Let f = 58 + -53. Suppose 3*j + f*w - 100 = -2*j, -5*j + 107 = -2*w. What is the tens digit of (41 - 37) + j*2*1?
4
Suppose 32*x - 7900 = 27*x. Suppose -4*b = k - 1120 + 326, -4*b = 2*k - x. What is the units digit of k?
6
Let i be 0 - (2/6*3 - 63). Suppose -i = -0*u + u. Let n = u + 107. What is the units digit of n?
5
Let y = 347 + -382. What is the hundreds digit of (-30)/9*4536/y?
4
Suppose -4*i + i = -l - 29, -4*i = -3*l - 37. Let o = 175 - 135. Let s = o - i. What is the tens digit of s?
3
What is the tens digit of -30*(164538/12)/(-11)?
9
Suppose -5*g = -2*b + 21842, -3*b - g = 3*g - 32717. What is the thousands digit of b?
0
Let n(v) = 1055*v - 1901. What is the thousands digit of n(13)?
1
Let i be ((-6)/(-4))/(7 - (22655/(-11320) + 9)). Suppose -4354 - 174 = -4*v. Suppose -7*b + 3*b + i = -4*c, -4*b - 4*c = -v. What is the units digit of b?
3
Let p = -263 + 263. Suppose p = -u - 1, 0 = -6*n + 7*n + 3*u - 1166. What is the thousands digit of n?
1
Suppose -2*a = -i + 13335, -10*a = -i - 5*a + 13350. What is the thousands digit of i?
3
Let u be (8 - 7)/(1/12*-1). Let q(z) = 2*z**2 - 11*z - 27. What is the units digit of q(u)?
3
Suppose 2*a - 2253 = -3*t + 19732, 2*t + a - 14655 = 0. What is the hundreds digit of t?
3
Let i(k) = -k**2 + 26*k + 39. Let r = -81 - -100. What is the tens digit of i(r)?
7
Let o(i) = 39*i**2 + i - 2. Let c be o(-9). Suppose -863 = 5*w - c. What is the hundreds digit of w?
4
Let v = -14 + 15. Suppose 3 = -t - v, j = -t + 542. Suppose 6*q + 7*q = j. What is the units digit of q?
2
Let o = -2 + -12. Let i(t) = -11*t + 5. Let d(z) = -12*z + 5. Let r(c) = -3*d(c) + 4*i(c). What is the units digit of r(o)?
7
What is the tens digit of ((-1339)/78 - -17) + (-255751)/(-6)?
2
What is the thousands digit of -7*(-43044)/10 - (-80)/(-100)?
0
Let z be (1 - -1487)/3 + (2 - 0). Suppose 0 = 4*a - 682 - z. What is the hundreds digit of a?
2
Suppose -5*q + 10 - 5 = 0. Suppose -f = -p + 1, -5*p + 2*f + q = -f. Let y(l) = -105*l**3 - l**2 + l + 1. What is the units digit of y(p)?
4
Let q be -7 - (-25)/(-10)*12/(-15). What is the hundreds digit of (2 - -377) + -1 + (-7 - q)?
3
Let r be 4/10 - (-404)/(-10). Suppose -4*g + 0*g + 232 = 0. Let y = r + g. What is the tens digit of y?
1
Suppose 99*t - 1041948 = -313*t. What is the units digit of t?
9
Suppose -8*l = -11*l + 18. Let 